{"id":34,"date":"2013-05-18T19:03:06","date_gmt":"2013-05-18T19:03:06","guid":{"rendered":"http:\/\/www.viajarconmiperro.com\/?page_id=34"},"modified":"2013-08-15T10:19:11","modified_gmt":"2013-08-15T10:19:11","slug":"viajar-con-mi-perro-a-portugal","status":"publish","type":"page","link":"http:\/\/www.viajarconmiperro.com\/index.php\/viajar-con-mi-perro-a-portugal\/","title":{"rendered":"Viaje a Portugal con mi perro (Aldeia do Meco)"},"content":{"rendered":"<div id=\"attachment_176\" style=\"width: 235px\" class=\"wp-caption alignright\"><img loading=\"lazy\" decoding=\"async\" aria-describedby=\"caption-attachment-176\" class=\" wp-image-176 \" alt=\"20130811_095500\" src=\"http:\/\/www.viajarconmiperro.com\/wp-content\/uploads\/2013\/05\/20130811_095500-225x300.jpg\" width=\"225\" height=\"300\" srcset=\"http:\/\/www.viajarconmiperro.com\/wp-content\/uploads\/2013\/05\/20130811_095500-225x300.jpg 225w, http:\/\/www.viajarconmiperro.com\/wp-content\/uploads\/2013\/05\/20130811_095500-768x1024.jpg 768w\" sizes=\"auto, (max-width: 225px) 100vw, 225px\" \/><p id=\"caption-attachment-176\" class=\"wp-caption-text\">Mi amiga &#8220;La&#8221; con Cuca , Blondy y Sam<\/p><\/div>\n<p>Ya estamos en Portugal , <strong>exactamente en ALDEIA DO MECO<\/strong>, \u00a0 en esta ocasi\u00f3n viajamos con unos amigos y con sus dos perras &#8220;Blondy y Cuca &#8220;, \u00a0hemos estado buscando durante bastante tiempo alojamiento, ya que quer\u00edamos encontrar una villa de moderna y funcional, con piscina , cerca de playas que no estuvieran muy masificadas, \u00a0y sobre todo, una casa en la que nos permitieran alojarnos con nuestros perros (SAM , CUCA Y BLONDY) , \u00a0al final , LO HEMOS CONSEGUIDO&#8230;&#8230;&#8230;\u00a1\u00a1\u00a1\u00a1\u00a1\u00a1\u00a1\u00a1 Estamos en una preciosa localidad al sur de Lisboa (40 minutos desde Lisboa), \u00a0<strong>ALDEIA DO<\/strong> <strong>MECO,<\/strong> \u00a0 una precioso pueblo rodeado de playas , Playa de Meco, Playa das Bicas, \u00a0y al lado de la Lagoa de Albufeira, \u00a0el pueblo es peque\u00f1ito pero \u00a0en el hay tiendas y muchos restaurantes y pasteler\u00edas , a pesar de su cercan\u00eda \u00a0Lisboa no est\u00e1 nada masificado. Aldeia do Meco est\u00e1 a lado de Sesimbra (10 minutos en coche) y de Setubal (30 minutos), desde esta \u00faltima poblaci\u00f3n se puede coger un ferry que en 20 minutos te lleva \u00a0a las preciosas playas de <strong>TROIA y COMPORTA.<\/strong> Estamos alojados en una maravillosa villa, situada en el campo pero muy cerquita de la playa y del centro del pueblo, la villa \u00a0tiene \u00a0tres habitaciones con tres ba\u00f1os \u00a0, cocina y un precioso sal\u00f3n con vistas a la piscina , al campo y al mar de fondo. \u00a0El propietario de la casa, \u00a0para nuestra sorpresa, \u00a0es de un chico &#8220;Mario&#8221; que tambi\u00e9n tiene perros y les ha creado un espacio precioso en el jard\u00edn , sinceramente merece la pena esta casa.<\/p>\n<p><span style=\"font-size: 13px; line-height: 19px;\">En cuanto a los \u00a0<strong>RESTAURANTES<\/strong> para viajar con mi perro a portual , casi todos los restaurantes del pueblo y de la zona son muy buenos y en los que puedes comer por un precio muy asequible, debes tener en cuenta que al igual que pasa en otras zonas de Portugal , cuando te sientas en la mesa te ponen unos riqu\u00edsimos aperitivos en la mesa que normalmente son , mantequilla, pates, y algo especial \u00a0de la casa como un queso, salpic\u00f3n de marisco, &#8230; \u00a0al contrario que en Espa\u00f1a esto lo cobran, aunque no lo hayas pedido , siempre tienes la opci\u00f3n de no comerlo y no te lo cobraran ,,, pero QUIEN SE AGUANTA,,&#8230;<\/span><\/p>\n<p>Os recomiendo \u00a0los que m\u00e1s nos han gustado y en los que mejora han tratado a los perros, aunque he de decir que en general , nadie nos ha puesto problemas para comer en las terrazas y es m\u00e1s se preocupaban de traernos agua para los perros y de que estos estuvieran bien.<\/p>\n<ul>\n<li><strong>Restaurante \u00a0&#8220;O \u00a0PINHAL&#8221;<\/strong><span style=\"font-size: 13px; line-height: 19px;\"> esta en la salida del pueblo de \u00a0Aldea do Meco hacia \u00a0 la playa de meco , en el hemos pedido varios platos pero os aconsejo que no os perd\u00e1is el &#8220;Arroz con Marisco&#8221; es una especie de arroz caldoso buen\u00edsimo tambi\u00e9n esta muy rico \u00a0un plato que ahora no recuerdo el nombre que es una especie de guiso que hacen con diferentes pescados, tu eliges con cual lo quieres , muy rico. \u00a0No nos han puesto ning\u00fan problema para comer con nuestros perros en una precisa terraza que tienen de cesped con muchos arboles que nuestros perros han agradecido para dormir un poco mientras \u00a0com\u00edamos.<\/span><\/li>\n<\/ul>\n<ul>\n<li><strong>Restaurante &#8220;TROPICANA&#8221;, \u00a0 <\/strong>est\u00e1 en el centro de Aldeia do Meco, \u00a0es un restaurante que no destacar\u00eda en un blog de gastronom\u00eda pero estoy obligada a \u00a0hacerlo por <em><strong>el buen trato que han dado a nuestros perro<\/strong><\/em>s, al igual que casi todos los restaurantes del pueblo estan especializados en pescado fresco, buen\u00edsimos , arroz con marisco \u00a0y aunque tienen carne y la hemos probado est\u00e1 buena pero nada que ver con un buen entrecot \u00a0en Asturias (Espa\u00f1a), en este restaurante se come bien pero no es tan bueno como el de o Pinhal, aunque la atenci\u00f3n tanto con nosotros como con nuestros perros ha sido excepcional.<\/li>\n<\/ul>\n<ul>\n<li><strong>Restaurante A LOTA,\u00a0<\/strong> <span style=\"font-size: 13px; line-height: 19px;\">en Sesimbra, es un peque\u00f1o restaurante de una familia , \u00a0que nos han contado que ten\u00edan perros \u00a0a los que adoraban , con lo que han tratado fenomenal a los nuestros, esta situado en una calle \u00a0peatonal y estrechita en el centro del pueblo, \u00a0las mesas casi ocupan la calle, \u00a0pero nos han sorprendido la buena \u00a0atenci\u00f3n y lo ricas que estaban \u00a0tanto las sardinas, como las gambas, como la ensalada que nos hemos pedido , muy econ\u00f3mico y merece la pena para una cena normal pero con producto de calidad.<\/span><\/li>\n<\/ul>\n<p>Las<strong> playas de la zona son muy bonitas<\/strong> especialmente recomiendo visitar :<\/p>\n<ul>\n<li><strong><span style=\"font-size: 13px; line-height: 19px;\">La \u00a0<\/span>Playa de Meco<\/strong><strong style=\"font-size: 13px; line-height: 19px;\">, <\/strong><span style=\"font-size: 13px; line-height: 19px;\">a la que hemos ido a \u00faltima hora de la tarde para ver las maravillosas puestas de sol, desde el que yo creo que es el mejor bar \u00a0de la zona <\/span><strong style=\"font-size: 13px; line-height: 19px;\">&#8220;O PEIXE&#8221;<\/strong><span style=\"font-size: 13px; line-height: 19px;\"> \u00a0es chill out en la misma arena \u00a0donde se pueden tomar unas espectaculares \u00a0caipiri\u00f1as y mojitos y donde tambien puedes cenar por que es resturante NO OS LO PERDAIS, por cierto nuestros perros han pasado unas tardes maravillosas tirados con nosotros en los colchones y camas , todo el mundo mostraba amabilidad y a nadie le parec\u00eda mal que estuvieran alli &#8230; Una maravilla.<\/span><\/li>\n<li><strong style=\"font-size: 13px; line-height: 19px;\">La Playa de la<a href=\"https:\/\/www.google.es\/maps\/preview#!data=!1m4!1m3!1d174512!2d-8.9462054!3d38.4277721\" target=\"_blank\"> Pen\u00ednsula de Troia<\/a>, \u00a0<\/strong><span style=\"font-size: 13px; line-height: 19px;\">en esta zona encontramos\u00a0\u00a0una inmensa playa situada justo en la desembocadura del r\u00edo Sado, con una zona fluvial y una zona de mar. \u00a0La arena de est\u00e1 playa es blanca y el agua azul y ligeramente m\u00e1s c\u00e1lida que en otras zonas de Portugal. \u00a0La playa \u00a0es kilom\u00e9trica con lo cual es casi imposible encontrar ning\u00fan agobio de gente, de todas maneras \u00a0nosotros nos metimos en una de las m\u00faltiples salidas que hay entre comporta y troia, pero que no son ninguna de las principales, \u00a0tienes que caminar unos 5 minutos y ya estas en una playa donde como mucho tienes una persona a 300 metros en pleno mes de agosto, lo malo de no \u00a0estar en una de las entradas principales, que no hay ning\u00fan tipo de servicio en la playa, pero para viajar con mi perro es muy recomendable.<\/span><\/li>\n<\/ul>\n<p>&nbsp;<\/p>\n<p><strong>Viajar con mi perro a Portugal, la gente de Portugal\u00a0y los perros:<\/strong><\/p>\n<p><strong><\/strong>Sinceramente estoy sorprendida , de lo bien que tratan a los perros en esta zona de Portugal, todo el mundo nos ha permitido acceder a las terrazas de los restaurantes , se ha preocupado de darles agua, se para por la calle para saludarles, en las playas \u00a0en horario de ba\u00f1o(solo hemos ido a los que no estaban concurridas y siempre apartados), en las que no hab\u00eda se\u00f1alizaci\u00f3n de prohibido perros (aunque al igual que Espa\u00f1a los perros no est\u00e1n permitidos en las playas), no hemos tenido ning\u00fan problema. <span style=\"font-size: 13px; line-height: 19px;\">Me ha sorprendido que la gente cuando pasaba a lado, \u00a0 si le tenia miedo a los perros , lejos de enfadarse por que estos estuvieran en medio de la calle, nos ped\u00edan disculpas , \u00a0hemos \u00a0quedados sorprendidos, por que estamos acostumbrados, al \u00a0t\u00edpico comentario de los espa\u00f1oles &#8220;quita ese perro del medio que quiero pasar con mis hijos&#8221;&#8230;. Realmente \u00a0 los portugueses , la menos en estas zona son muy amables con los perros.<\/span><\/p>\n<p>&nbsp;<\/p>\n<p>Agosto de 2013<\/p>\n","protected":false},"excerpt":{"rendered":"<p>Ya estamos en Portugal , exactamente en ALDEIA DO MECO, \u00a0 en esta ocasi\u00f3n viajamos con unos amigos y con sus dos perras &#8220;Blondy y Cuca &#8220;, \u00a0hemos estado buscando durante bastante tiempo alojamiento, ya que quer\u00edamos encontrar una villa<\/p>\n","protected":false},"author":1,"featured_media":156,"parent":0,"menu_order":1,"comment_status":"open","ping_status":"closed","template":"site_map.php","meta":{"footnotes":""},"class_list":["post-34","page","type-page","status-publish","has-post-thumbnail","hentry"],"_links":{"self":[{"href":"http:\/\/www.viajarconmiperro.com\/index.php\/wp-json\/wp\/v2\/pages\/34","targetHints":{"allow":["GET"]}}],"collection":[{"href":"http:\/\/www.viajarconmiperro.com\/index.php\/wp-json\/wp\/v2\/pages"}],"about":[{"href":"http:\/\/www.viajarconmiperro.com\/index.php\/wp-json\/wp\/v2\/types\/page"}],"author":[{"embeddable":true,"href":"http:\/\/www.viajarconmiperro.com\/index.php\/wp-json\/wp\/v2\/users\/1"}],"replies":[{"embeddable":true,"href":"http:\/\/www.viajarconmiperro.com\/index.php\/wp-json\/wp\/v2\/comments?post=34"}],"version-history":[{"count":37,"href":"http:\/\/www.viajarconmiperro.com\/index.php\/wp-json\/wp\/v2\/pages\/34\/revisions"}],"predecessor-version":[{"id":198,"href":"http:\/\/www.viajarconmiperro.com\/index.php\/wp-json\/wp\/v2\/pages\/34\/revisions\/198"}],"wp:featuredmedia":[{"embeddable":true,"href":"http:\/\/www.viajarconmiperro.com\/index.php\/wp-json\/wp\/v2\/media\/156"}],"wp:attachment":[{"href":"http:\/\/www.viajarconmiperro.com\/index.php\/wp-json\/wp\/v2\/media?parent=34"}],"curies":[{"name":"wp","href":"https:\/\/api.w.org\/{rel}","templated":true}]}}